= 3*z + 1. Let b be v(-2). Let n(q) = -q**3 - 4*q**2 + 3*q - 3. What is n(b)?
7
Let l(s) be the third derivative of 5*s**4/12 + s**3/6 - 20*s**2. Determine l(1).
11
Let s(a) be the second derivative of -a**4/12 + 5*a**3/6 - 5*a**2/2 - 2*a. What is s(4)?
-1
Let j(s) = 4*s**2 - 1 + 1 - 6 + 7 - 2*s. Let d = 3 - 2. Give j(d).
3
Let m(h) = h**2 - h. Let t = -5 - -4. Let f be m(t). Let n(v) = v - v - 2*v**f. What is n(1)?
-2
Let h(a) be the first derivative of 2*a - 2*a**2 + 1/3*a**3 - 2. What is h(4)?
2
Let y(p) = -p**3 - 6*p**2 - 6*p - 7. Let k be y(-5). Let t = k + 2. Let l(g) = -2*g**2 + 0 + 1 - g**3 + 6*g - 2*g**2 + t*g**3. What is l(-5)?
-4
Let b be (28/(-35))/(2*(-1)/10). Let c(m) be the second derivative of -1/12*m**b + 0 + 7/6*m**3 - 7/2*m**2 - m. Calculate c(5).
3
Let t(j) = -3*j**2 + 12*j. Let s(k) = k**2 - 6*k. Let p(l) = -5*s(l) - 2*t(l). Calculate p(-5).
-5
Suppose -3*v + 4*v + 17 = 3*n, 2*v = 2*n - 14. Let w(g) = 3*g**2 - 2*g + 1. Let x be w(1). Let l(u) = -2 + x*u - 5*u + 2*u**2 + 2*u**3 + 0. Give l(v).
-4
Let t(y) = -y + 8. Let v be t(-6). Suppose -4*k + 3*l = 11, -3*k + v = 2*l + 1. Let j(u) = 2*u + 0*u - 4*u. What is j(k)?
-2
Let n(q) = q**3 + 0*q**2 + 12 - 8*q - 3 - 5*q**2 - 3*q**2. Give n(9).
18
Let q(o) = 2*o**3 - 3*o**2 + 2*o - 1. Let z = 3 + -1. Calculate q(z).
7
Let j be 5 - ((-12)/3)/(-2). Let t(m) = m**2 + 3*m. Let p(n) = -5*n**2 - 12*n + 1. Let a(d) = 2*p(d) + 9*t(d). Calculate a(j).
2
Let d(r) = -2*r + 21. Let t(n) = -n + 10. Let v(m) = -6*d(m) + 13*t(m). Suppose -5*y = -0*y + 20. Let w = y + 7. Calculate v(w).
1
Let a = -52 - -51. Let b(u) be the first derivative of 0*u**3 + 2 + u + 1/2*u**2 - 5/4*u**4. Determine b(a).
5
Let x(p) = 9*p. Let n(u) = 26*u. Let s(q) = 6*n(q) - 17*x(q). Give s(-1).
-3
Let l = 10 + -7. Let o(y) = 3*y + 2. Calculate o(l).
11
Let p(f) = -5*f - 1. Let r(n) = -14*n - 4. Let q(t) = -11*p(t) + 4*r(t). Calculate q(-6).
1
Let y(g) = -7*g. Let t be y(1). Let m(k) = k**2 + 8*k + 7. What is m(t)?
0
Let q(u) = u**3 - 6*u**2 + 3*u + 3. Let x = -11 + 16. Calculate q(x).
-7
Let c(m) be the first derivative of m**2/2 - 9*m - 16. Give c(3).
-6
Let f(y) = -y**2 - 2*y + 3. Suppose -5 = h - 1. What is f(h)?
-5
Let k(t) be the third derivative of 1/15*t**5 + 0*t**3 - 2*t**2 - 1/24*t**4 + 0*t + 0. What is k(1)?
3
Let s = -9 - -7. Let u = s - -6. Let g(t) = -8*t - 4. Let r(l) = -l - 1. Let d(z) = g(z) - 5*r(z). What is d(u)?
-11
Let m = -1 - 0. Let j(p) = 2*p**2 - p - 1. Let c be j(m). Let w(l) = 5 - 3 + 3 + c*l. Give w(-4).
-3
Let l(g) = g**2 + 3*g + 1. Let d be l(-1). Let x(s) = -4*s + 1. Calculate x(d).
5
Suppose 2*l + 5*i - 3*i = 10, -2*l = i - 5. Let f(g) be the first derivative of g**2 - 1/3*g**3 + l*g - 2. What is f(3)?
-3
Let t(c) = -6*c + 16 + 18 + c**2 + 22 - 63. Calculate t(5).
-12
Let p(f) = f**2. Suppose 3*j - 2*x = 48, -2*j - 5*x + 16 = -x. Suppose -4*z = -j - 2. Let h = -1 + z. Give p(h).
9
Let b(y) = y**3 + y. Let q(g) = 3*g**3 - 6*g**2 - 4*g - 4. Let w(p) = 2*b(p) - q(p). Let j be w(7). Let c(a) = -a + 1. Determine c(j).
4
Let r be (-6)/27 + 190/45. Let y(x) = -x**3 + 5*x**2 - 5*x + 3. Give y(r).
-1
Let i(s) be the second derivative of s**6/360 - s**5/30 + s**4/2 - 5*s. Let y(j) be the third derivative of i(j). What is y(6)?
8
Let p(q) be the first derivative of q**2/2 - 12*q - 1. Let y(a) = -a + 11. Let d(k) = -2*p(k) - 3*y(k). Suppose v = -0*v. Give d(v).
-9
Let p(h) be the third derivative of 5*h**2 - 1/60*h**5 - 7/6*h**3 + 0 + 0*h - 1/4*h**4. What is p(-5)?
-2
Let w be 208/64 + (-1)/4. Let q(a) = a**2 - 2*a. Give q(w).
3
Let a(n) be the first derivative of -n**4/4 - 5*n**3/3 - 5*n**2/2 - 2*n - 2. Determine a(-4).
2
Let k(c) = 2*c**3 + 3*c**2 - 2. Let l = 5 + -7. Calculate k(l).
-6
Let i be (-5)/(-2) + (-1)/(-2). Suppose 0 = -i*k + k. Suppose 3*h + 1 + 2 = k. Let j(f) = f**3 - f**2 + 1. Determine j(h).
-1
Let h(p) = -p - 1. Let f(c) = -c**2 + 12*c - 3. Let x be f(12). Give h(x).
2
Let m = 3 - 0. Let u = 26 - 17. Suppose 0 = 5*r - 3*g - 7, -m*r = -6*r + 3*g + u. Let l(y) = 11*y**3 + 2*y**2 + 2*y + 1. What is l(r)?
-10
Suppose -r + 4*q - 21 = 0, 2*q - 4 = 4. Let y(i) = -i**2 - 6*i + 1. Determine y(r).
6
Let s(a) = 0 - 3618*a + 0 + 3614*a. What is s(5)?
-20
Let c(q) = -q**3 - 2*q - 1. Suppose 27 - 3 = 4*p. Let x(i) = i**3 - 7*i**2 + 5*i + 4. Let b be x(p). Give c(b).
11
Let r(f) = f. Let t(h) = h**2 - 3*h + 1. Let a(d) = 3*r(d) + t(d). Calculate a(-2).
5
Let g(c) be the third derivative of 0*c + 0 + 1/60*c**5 + 1/3*c**3 + 1/12*c**4 - 6*c**2. What is g(-2)?
2
Let s(v) = -2*v - 11. Let j be s(-7). Let b(a) = a**3 - 4*a - 1. Give b(j).
14
Let y(n) = 5*n - 1. Let p = 5 + -2. Suppose 0*z + p*z = 0. Suppose -5*c + 2*c = z, 5*c = 2*r + 2. Determine y(r).
-6
Let b = 5 + -3. Let o(m) = -2*m**b - m - m + 3*m**2 + 2 - 3. Determine o(-1).
2
Let w(n) = -2*n - 3. Let k(c) = -3*c - 4. Let u(p) = -4*k(p) + 5*w(p). Give u(-2).
-3
Suppose 5 = -2*d + 7*d. Let p(v) = 13*v**2 + 6*v + 6. Let x(h) = -12*h**2 - 5*h - 5. Let g(y) = -5*p(y) - 6*x(y). Determine g(d).
7
Let l(v) = v**3 - 1. Let m(c) = c**2 - c + 1. Let r(b) = -7*b**2 + 4*b - 4. Let i(a) = 5*m(a) + r(a). Let t be i(1). Calculate l(t).
-9
Let g(n) be the third derivative of n**4/12 - n**3 + 9*n**2. Give g(5).
4
Let o(z) be the first derivative of 3*z**5/10 + z**4/12 + z**3/3 + z**2/2 + 8*z + 2. Let c(n) be the first derivative of o(n). Give c(-1).
-6
Let b(n) be the second derivative of -n**3/2 + 40*n. Give b(-6).
18
Let g(q) = q**3 - 7*q**2 - 7*q - 4. Suppose 0 = 8*j - 7*j - 8. Give g(j).
4
Let u(n) be the second derivative of n**5/10 + n**3/6 + 4*n - 3. What is u(-2)?
-18
Let n(s) = -s**2 - 13*s + 14. Let b be n(-14). Suppose -4 = k - b*k. Let y(p) = p**3 + 5*p**2 + 5*p + 1. Give y(k).
-3
Let y(f) = 9*f. Let z(k) = -8*k - 1. Let j(a) = -5*y(a) - 6*z(a). Let b be 2 + -1*(0 - -7). Give j(b).
-9
Let z(m) = 4*m + 1. Let s(k) = 5*k + 1. Let i(j) = 5*s(j) - 6*z(j). Let a = 5 + -3. Determine i(a).
1
Let l(c) = -c + 1. Let h(i) = 4*i - 1. Let p be h(2). Let a(k) = 0 - 5 + k + p. Let q be a(3). What is l(q)?
-4
Let h(y) = -7*y**3 - 6*y**2 - 6*y. Let t(j) = -6*j**3 - 5*j**2 - 5*j. Let b(l) = -4*h(l) + 5*t(l). Calculate b(-2).
14
Suppose v + 7 = -4*x - 1, -v - 7 = 3*x. Let u(o) = o**3 + 3*o**2 - 4*o - 1. Calculate u(v).
-1
Let n(v) = -v**2 - v - 3. Let t(d) = 5*d**2 + 4*d + 13. Let i(l) = 9*n(l) + 2*t(l). Let q = 8 - 5. Suppose -2*o - g = -10, -5*g + q*g + 11 = o. Calculate i(o).
5
Let n be (-4)/(-3)*9/2. Let b(i) = 1 + 6*i - i - n*i. Let l(a) = -6*a. Let s be l(-1). Give b(s).
-5
Let y be 1/(-2) + (-15)/(-6). Suppose 8 + 0 = 4*t. Let q(d) = 1 + t*d + d**3 - 5*d**2 + 2*d + 0*d**y + 0*d. Give q(3).
-5
Let k(q) = q + 8. Let n be k(-6). Suppose -n*z = -z - 4. Let t(l) = 1 - 6 - 5*l + z. What is t(1)?
-6
Let l(a) = -3*a - 1 - 3*a**2 + a + 2*a**2. Suppose 18*r - 15*r = 45. Let i = r + -16. Give l(i).
0
Suppose -y + 6 = -0. Let v = y + -7. Let k(q) = -6*q. What is k(v)?
6
Let v = -7 - -7. Let r(c) = 2*c - 4. Let z be r(3). Let i(d) = -d**z + 2*d**2 + d - 2*d + 2. Calculate i(v).
2
Suppose 0*x + 5*x + 15 = 0. Let j(n) = 2*n - 5. Let h(q) = -q + 4. Let o(t) = x*j(t) - 4*h(t). Let f be (-1 + 5/(-10))*-2. Give o(f).
-7
Let z(m) = -m**2 + 2*m + 2. Let r be z(4). Let f(i) be the third derivative of i**4/12 + i**3 - 5*i**2. What is f(r)?
-6
Let s be (1 - -1) + (-29)/15. Let v(z) be the third derivative of -1/120*z**6 + 0*z**3 + z**2 + 0*z + 0 + s*z**5 + 0*z**4. Calculate v(4).
0
Suppose -5*a + 10 = -3*a. Let s(f) = 2*f - 6. Let l be s(5). Let c(d) = 2*d + d + 0*d + 6 - l*d. Determine c(a).
1
Let l(o) be the second derivative of o**3/6 + 7*o**2/2 + 10*o. What is l(-5)?
2
Let o(j) be the first derivative of -j**4/4 - 2*j**3 + j**2/2 + 7. Suppose 2*p + 0 = 3*n - 6, -2 = p - 2*n. Determine o(p).
-6
Let n(t) be the first derivative of 4 + 3*t - 1/4*t**4 + 0*t**2 - 4/3*t**3. What is n(-3)?
-6
Let x(m) = -5*m - 1. Let c be x(-1). Let g(h) = 2 + 4*h + 3 - c. Give g(1).
5
Let n(f) = -f**3 + 4*f**2 + 6*f + 3. Let o(u) = 5*u**2. Let d be o(-1). What is n(d)?
8
Let k(i) be the third derivative of -i**5/20 + i**4/8 - i**3/3 + i**2. Let j(u) = -u**3 + 3*u**2 + 2*u - 4. Let w be j(3). Calculate k(w).
-8
Suppose 5*p = -5*s + p + 5, -3*s + 5 = 2*p. Let r(a) = -6*a + 3. Calculate r(s).
-27
Let r